 z = -30 - -58. Suppose -13*c = 24 + z. Calculate s(c).
-1
Let m(f) be the first derivative of -f**2 - 2*f + 15. Give m(-6).
10
Let j(x) = x**2 + 7*x - 12. Let m be j(-11). Suppose 3*l + 5*z = m, 0 = -0*l + l - 3*z + 8. Let p(h) = 8*h + 1 + h - l*h - 3*h. Calculate p(6).
13
Let w(i) = i**2 + 22*i + 23. Let p(t) = -2*t**2 - 46*t - 45. Let j(u) = -3*p(u) - 7*w(u). Calculate j(-14).
2
Let b(j) be the third derivative of -j**7/420 + j**4/24 - j**3/3 - 9*j**2. Let r(y) be the first derivative of b(y). Calculate r(1).
-1
Suppose 0 = s + 155 - 153. Let z(j) = j**3 + 2*j + 4. Calculate z(s).
-8
Let v = -5 - 1. Let y(p) = 9*p**2 + 93*p**2 - 3*p + 2 - 103*p**2. Determine y(v).
-16
Let l(d) be the first derivative of -d**2 - 7*d + 2. Let j(n) = -2*n + 12. Let s be j(7). Let q be (-320)/56 - s/(-7). What is l(q)?
5
Let z(y) = 3*y**2 + y. Suppose a = 4*f + 28, a + 3*f - 60 = -f. Let v be (a/(-2))/(-6 + 4). Suppose -5*u + 26 = 4*x + 10, -x - 3*u + v = 0. Determine z(x).
2
Let q(k) = 6 - 1 - 4 + 9*k + 9 - 6*k. Give q(-5).
-5
Let p(g) = g**3 - 6*g**2 + g + 4. Let l = -133 - -137. Determine p(l).
-24
Let k(r) = -r**3 - 2*r**2 - 2*r + 3. Let v be k(-2). Let q(d) = -d - 5. Give q(v).
-12
Let n be (0 - -1)*1*-4. Let s(c) be the first derivative of -7 - 5/2*c**2 - 1/3*c**3 - 5*c. What is s(n)?
-1
Suppose -4*h + 7 = -5. Suppose 3*y + h = -3*o + 6*o, -o - 5*y = -25. Let t(b) = -3 + o*b - 2*b - 3*b + 4*b. Calculate t(2).
5
Let b(y) = -y - 1. Let r(o) = -o**3 + 13*o**2 + 30*o + 1. Let l be r(15). Determine b(l).
-2
Let t(l) = l + 19. Let v(j) = 2. Let m(r) = -t(r) + 4*v(r). What is m(-6)?
-5
Suppose -2*k + 22 = -10. Suppose x - 5 = n, x + 3*x + 5*n = -k. Let o(p) = -6*p**2 + 15*p + p**3 - 22*p - 2*p**3 + x. Give o(-5).
11
Let h = 11 - 2. Suppose -v = 5*j + h, v - j - 17 - 4 = 0. Let s = 14 - v. Let m(y) = 3*y - 2. Determine m(s).
-8
Let t(s) = -s**3 + 8*s**2 - 5*s. Let i be (0 - -2)*((-49)/(-14) - 0). Calculate t(i).
14
Let y(w) = 2*w + 3. Let n be y(10). Let q(c) = -c**2 + n*c - 10*c + 1 - 3 - 9*c. Determine q(5).
-7
Let h(f) be the first derivative of 6 + 0*f + 1/3*f**3 + f**2. Determine h(-4).
8
Let g = 9 - 2. Suppose -1 = 4*r - 5, g = 4*u - r. Let x(v) = -3*v**u - 8 - v + 8 + 4*v**2. Calculate x(-1).
2
Suppose -5*q + 5*q - q = 0. Let g(u) = -u**3 + u - 8. Calculate g(q).
-8
Let z = -95 - -98. Let u(c) = 85*c**2 - 83*c**2 + 2*c + 0*c - c**3 - z. Suppose -4*h = -3*r + 22, -3*h + 2*h = 2*r. What is u(r)?
1
Let b be (-4)/26 + 56/26. Let n(p) = 56*p**3 - p**2 + 2 - 30*p**3 + 0*p**2 - 24*p**3. Determine n(b).
14
Let j(g) = -2*g**2 - g - 14. Let k(x) = -x**2 - x - 14. Let l(y) = -2*j(y) + 3*k(y). What is l(0)?
-14
Let l(b) = -3*b - 7. Suppose 5*a - 10 = 9*a + 2*f, 2*f = 5*a + 26. Give l(a).
5
Suppose 2*h = 2, 2*u - h - 9 = -3*u. Let d(l) = l. Calculate d(u).
2
Let c(w) = -29*w - 2. Let k be c(-2). Let v = -56 + k. Let u(l) be the third derivative of -l**5/60 - l**4/24 + l**2. Determine u(v).
0
Let x(h) = h**3 + 14*h**2 - 15*h. Let o be -7 + 11 - 19/1. Give x(o).
0
Let t be 30/9 + (-1)/3. Let z(j) be the second derivative of j**5/60 - j**4/6 - j**3/3 - 5*j**2/2 - j. Let n(y) be the first derivative of z(y). Calculate n(t).
-5
Let c(o) = -3*o - 4. Let g(q) = 4*q + 6. Let j(z) = 7*c(z) + 5*g(z). Suppose 5*f = f - 32. Let k = f + 4. Calculate j(k).
6
Let o(n) = n - 2. Suppose 0*v = 4*j + 2*v, 2*v = 4. Let d(q) = -2 - 1 + 4. Let z(g) = j*o(g) - 3*d(g). Give z(-6).
5
Let v(u) = -u**2 + 4*u. Let q be v(5). Let h(b) = 7*b + 14. Let d(n) = -11*n + 5*n - 4*n - 21. Let w(j) = -5*d(j) - 7*h(j). Calculate w(q).
2
Let x(r) = 30*r + 4 - 10*r**2 - 10 - 40*r - r**3. Determine x(-9).
3
Suppose -3*t = -2*r + 35, 3*r - 5*t - 36 - 17 = 0. Let o = 18 - r. Let s(z) be the second derivative of z**4/4 - z**3/2 + z**2/2 - z. Calculate s(o).
7
Let w(x) = -51*x - 3. Let l be w(-1). Let r = -47 + l. Let c(z) be the second derivative of -2*z**4/3 - z**3/6 + z**2/2 + 2*z. Calculate c(r).
-8
Let i(f) = -2 + 3 + f + 1. Suppose 155 = -5*y + 4*r, 5*r - 80 = -0*y + 3*y. Let v = 30 + y. What is i(v)?
-3
Let c(m) = -3*m**2 + 8*m + 6. Let g(a) be the second derivative of -4*a**4/3 + 41*a**3/6 + 31*a**2/2 + 2*a. Let w(k) = -11*c(k) + 2*g(k). Give w(7).
3
Let r(z) be the first derivative of -z**6/360 + z**5/10 + z**4/2 + 13*z**3/3 - 18. Let x(c) be the third derivative of r(c). Calculate x(13).
-1
Let o(f) = -f**3 - 15*f**2 + 16*f + 3. Suppose -2*j - 20 = n, -3*n - 53 - 1 = 3*j. What is o(n)?
3
Suppose -5*s - u = 8 - 44, -4*s + 5*u = -23. Let v(t) = -9*t + 10. What is v(s)?
-53
Let m(l) = l**2 - 9. Let o = -75 + 77. Suppose 3*j + 3 = -4*u - 0*j, -3*u + o*j = -2. Give m(u).
-9
Let i be (-4 + 7 - (-5)/(-1))*-1. Let w = 20 + -10. Let u(q) = -8*q**2 - w*q + 4*q + 11*q**i - 1 + q**3 + 2*q**2. Calculate u(-6).
-1
Let h(j) = j**3 + 6*j**2 - j + 1. Let z(l) = -2*l - 2. Let p be z(2). Let t(m) = 37665*m + m**2 - 37658*m + 0*m**2. Let f be t(p). Give h(f).
7
Suppose 0 = 4*k - 2*a - 26, -5*a + 5 = 3*k - 8. Let p(s) = -s**3 + 7*s**2 - 4*s - 7. Determine p(k).
5
Let c(p) = -32*p + 796. Let i be c(25). Let l(w) = -6*w + 1. Calculate l(i).
25
Let v(c) be the second derivative of c**3/3 - 3*c**2/2 + 47*c. Determine v(5).
7
Suppose 9*d = 13 + 41. Let r(l) = -4*l - 4*l + d + l. Give r(4).
-22
Let i(p) = p + 16. Let h(n) = 2*n + 17. Let u(q) = 2*h(q) - 3*i(q). Calculate u(5).
-9
Let r(p) be the first derivative of -5*p - 1/4*p**4 - 1/2*p**2 - 1/3*p**3 + 10. Let b be (7 - (4 + 0)) + -3. Give r(b).
-5
Let k(a) be the third derivative of -a**4/12 + 7*a**3/6 + 23*a**2. Suppose -2*n - 4 = 2*y, 3 - 11 = 4*y + 3*n. Let d be -3*(44/(-12) - y). What is k(d)?
-3
Let k(b) = 8*b**3 - 20*b**2 - 2*b - 1. Let y(h) = h**3 - 4*h**2. Let w(p) = -k(p) + 5*y(p). Determine w(-1).
2
Let b(v) = 2*v**3 - 5*v**2 - 36*v + 95. Let o be b(3). Let s(h) = -h**2 + 2*h**2 + 8*h - 3*h. Give s(o).
-4
Let p(t) be the second derivative of -t**3/3 - 11*t**2/2 - 816*t. What is p(-8)?
5
Let y(k) = -2*k**2 + 5*k + 1. Suppose -5 = -v - 5*f + 5, 7 = 2*v - 3*f. Determine y(v).
-24
Let l(p) = -p**2 - p. Let w be l(-3). Let k(i) = -i**3 - 6*i**2 + 2. Let r be k(w). Let x(v) = r + 10 - 5 + v. Calculate x(-4).
3
Let w(r) be the third derivative of -r**6/120 - 11*r**5/60 - 3*r**4/8 + 2*r**3/3 - 117*r**2. What is w(-10)?
-6
Let c(f) be the first derivative of f**4/6 - f**3/2 - 13*f - 2. Let l(a) be the first derivative of c(a). Calculate l(2).
2
Let d(r) = -2*r + r + r + 3*r - 6. Calculate d(-2).
-12
Let k(t) be the third derivative of -t**6/120 + t**5/15 + t**4/12 + t**3 + 249*t**2. Let b(q) = -q + 16. Let u be b(7). Let z = u - 4. What is k(z)?
-9
Let m be 15/6*-4 + 3. Let k(d) = -7*d**2 + 5*d - 23. Let p(b) = 3*b**2 - 3*b + 11. Let o(y) = 4*k(y) + 9*p(y). Give o(m).
7
Let l(t) = -t**3 + 13*t**2 + 14*t + 4. Suppose -2*c - g + 17 = -6, -4*c = -3*g - 71. Calculate l(c).
4
Let b(x) = 2*x - 3. Let o = -58 - -62. Let t be -4 + o + (0 - 3). Calculate b(t).
-9
Let a(j) = 3*j + 25. Suppose 0*f + 2*f - 2*g = -10, -f = 4*g + 30. What is a(f)?
-5
Let z(n) be the third derivative of -n**6/360 + n**5/120 - 3*n**4/2 + 27*n**2. Let y(x) be the second derivative of z(x). Determine y(-1).
3
Let w(f) = 21 - f - 9*f + 17*f - f**3 - 5*f - 10*f**2. Give w(-10).
1
Let d(f) be the third derivative of -f**6/40 - f**5/30 + f**3/3 + 334*f**2. Calculate d(2).
-30
Suppose 8*q = -17 - 39. Let t(a) be the third derivative of a**6/120 + 2*a**5/15 + 3*a**4/8 + 3*a**3/2 + 14*a**2. What is t(q)?
-5
Let v(y) be the first derivative of -y**4/4 - 5*y**3/3 + 5*y**2/2 + 5*y - 1216. Let t = 7 - 12. Determine v(t).
-20
Let p be -6 + (4 - 5) + 1. Let j(n) = n**2 + 0*n + 5*n + 2 - 5. Calculate j(p).
3
Let u(n) = -4*n**3 - n**2 + 3*n + 3. Let c = -31 + 24. Let w(s) = -s**3 + s + 1. Let x(l) = c*w(l) + 2*u(l). Give x(-2).
1
Let u(b) = -3*b - 19. Let z be u(-7). Suppose 8 = k + q, z*q = -5*k + 7*q. Let o(x) = 3 - 5 + k*x + 22*x**2 - 26*x**2 + x**3. Give o(2).
-2
Let n(d) be the third derivative of d**7/2520 - d**6/720 - d**5/30 - d**4/12 - 7*d**2. Let l(x) be the second derivative of n(x). Calculate l(4).
8
Suppose 4*k + 3779 = -k + 3809. Let z(p) = p + 1. Let j(q) = -q**2 + 8*q - 2. Let s(d) = j(d) - z(d). Give s(k).
3
Let j(z) = -z**2 - 18*z + 318. Let a be j(-29). Let x(n) = -2*n - 3. Give x(a).
-1
Let o(n) = -7 